 2396 a factor of 127778680?
True
Does 6 divide 110834124?
True
Is 238 a factor of 99595235?
False
Is 92 a factor of 511129315?
False
Does 19 divide 20245408?
False
Is 695870 even?
True
Does 80 divide 24872813?
False
Is 22 a factor of 10004500?
True
Does 34 divide 31950150?
False
Is 260 a factor of 80481800?
False
Does 834 divide 41014452?
True
Is 20 a factor of 58706145?
False
Is 261101353 a multiple of 191?
False
Is 2546 a factor of 3101583028?
True
Does 23 divide 6270740?
False
Does 24 divide 498582192?
True
Does 292 divide 6978445?
False
Is 123510768 a multiple of 174?
True
Does 245 divide 36778187?
False
Is 969088082 a multiple of 6744?
False
Is 89 a factor of 9826563?
False
Is 51816221 a multiple of 12?
False
Does 5 divide 243916230?
True
Is 94520476 a multiple of 244?
True
Is 8664286 a multiple of 8?
False
Is 38 a factor of 184963507?
False
Does 49 divide 5775532?
True
Is 209278190 a multiple of 427?
False
Is 2824976 a multiple of 222?
False
Does 31 divide 79674154?
True
Is 2205463720 a multiple of 40?
True
Does 7066 divide 119873610?
False
Does 1388 divide 1226737996?
True
Is 2906 a factor of 92451484?
True
Is 209042570 a multiple of 3202?
True
Is 285 a factor of 10805775?
True
Is 1109270158 a multiple of 33?
False
Does 764 divide 78654084?
False
Is 31885866 a multiple of 27?
True
Is 3650 a factor of 57332341?
False
Is 54861064 a multiple of 3?
False
Does 89 divide 2813301125?
True
Does 1560 divide 21373560?
True
Does 7 divide 384717795?
True
Does 542 divide 25078263?
False
Does 73 divide 226580831?
True
Is 64 a factor of 650799104?
True
Does 4 divide 51412120?
True
Is 7154 a factor of 920426486?
True
Is 1149629970 a multiple of 483?
False
Is 975 a factor of 38207325?
True
Does 10 divide 497999455?
False
Does 12 divide 198278388?
True
Is 44 a factor of 108927720?
True
Is 20 a factor of 1955483?
False
Is 802822744 a multiple of 18?
False
Is 2 a factor of 718208?
True
Is 886691775 a multiple of 3191?
False
Does 1705 divide 827153470?
True
Does 14 divide 211307236?
True
Is 60268356 a multiple of 346?
True
Is 498 a factor of 530151876?
True
Is 393465784 a multiple of 7838?
False
Is 542 a factor of 37045158?
True
Is 17 a factor of 307779475?
True
Does 44 divide 8454666?
False
Is 5702390 a multiple of 230?
True
Does 184 divide 428715119?
False
Is 69 a factor of 8065999?
False
Does 38 divide 3484943317?
False
Does 87 divide 29524581?
True
Is 342 a factor of 138855476?
False
Is 159601352 a multiple of 1469?
False
Is 2607298998 a multiple of 58?
True
Does 17 divide 14417611?
False
Is 747 a factor of 58746321?
True
Does 6 divide 71413523?
False
Is 266 a factor of 2982595883?
False
Does 21 divide 77108271?
False
Does 80 divide 31070135?
False
Does 36 divide 714906900?
True
Is 2209 a factor of 33564878?
False
Does 8 divide 593860980?
False
Is 2242039872 a multiple of 188?
True
Does 4 divide 498628211?
False
Does 1127 divide 62034588?
True
Does 194 divide 1076914264?
False
Is 986 a factor of 4457818?
False
Is 23796570 a multiple of 105?
True
Does 462 divide 96988500?
False
Does 2142 divide 133581547?
False
Is 656 a factor of 23064960?
True
Does 955 divide 428091526?
False
Does 10 divide 2927161589?
False
Is 40803984 a multiple of 568?
True
Is 188 a factor of 47784524?
True
Is 2043 a factor of 639935019?
True
Is 26106485 a multiple of 49?
False
Is 7037977752 a multiple of 19578?
True
Does 16 divide 1255498085?
False
Does 856 divide 345493226?
False
Is 305 a factor of 37186535?
False
Is 188087300 a multiple of 137?
True
Is 599891889 a multiple of 58?
False
Is 2567 a factor of 42667865?
False
Is 509540626 a multiple of 6173?
False
Is 14 a factor of 50152774?
True
Is 43342906 a multiple of 858?
False
Is 97142916 a multiple of 1542?
True
Is 41148128 a multiple of 224?
True
Does 7 divide 8845728?
False
Does 245 divide 1009324050?
True
Is 27 a factor of 1936868064?
False
Is 218591080 a multiple of 2120?
True
Is 17 a factor of 543265559?
False
Is 12365820 a multiple of 90?
True
Is 39 a factor of 99645243?
False
Does 567 divide 215690769?
True
Is 334 a factor of 200115105?
False
Is 4715 a factor of 374328565?
True
Does 30 divide 488680687?
False
Is 1409504482 a multiple of 6582?
False
Does 4058 divide 74726278?
False
Does 32 divide 259347161?
False
Is 58708125 a multiple of 1917?
True
Is 39732174 a multiple of 135?
False
Is 12 a factor of 838644?
True
Is 108298736 a multiple of 28?
True
Is 269 a factor of 4992418?
False
Does 1863 divide 4929064?
False
Is 10585816 a multiple of 175?
False
Is 2538250 a multiple of 50?
True
Is 3877 a factor of 37714667?
False
Does 52 divide 12181324?
False
Is 146 a factor of 12115250?
False
Is 426372684 a multiple of 109?
True
Does 67 divide 20710718?
False
Does 64 divide 10375808?
True
Is 11 a factor of 49285457?
False
Is 11651305 a multiple of 17?
False
Does 40 divide 38895595?
False
Does 146 divide 70571874?
True
Does 486 divide 47468175?
False
Is 753 a factor of 30680521?
False
Does 133 divide 30202172?
True
Is 40 a factor of 198530200?
True
Does 626 divide 267630944?
False
Is 3460353 a multiple of 13?
True
Is 4 a factor of 56458412?
True
Is 117125390 a multiple of 134?
False
Does 3706 divide 1493944190?
True
Does 96 divide 3174489120?
True
Does 17 divide 139657839?
True
Does 30 divide 1342980?
True
Does 107 divide 243173657?
True
Is 3696429501 a multiple of 2900?
False
Does 7 divide 59604810?
False
Is 1854 a factor of 24247764?
False
Is 1044009813 a multiple of 33?
True
Is 13 a factor of 65219502?
False
Is 1596 a factor of 7819285106?
False
Is 1700079962 a multiple of 289?
False
Is 5057438 a multiple of 33?
False
Does 9 divide 84060252?
True
Is 355124656 a multiple of 8?
True
Does 109 divide 105764933?
False
Is 3753824 a multiple of 8?
True
Does 38 divide 200066390?
True
Is 83 a factor of 4293585?
False
Is 25 a factor of 1184923050?
True
Is 16 a factor of 158554661?
False
Does 175 divide 1994650?
True
Is 146 a factor of 1015321774?
False
Does 49 divide 2506206920?
True
Does 10 divide 180012797?
False
Is 1387766435 a multiple of 8496?
False
Is 85330386 a multiple of 1191?
True
Is 19113465 a multiple of 145?
True
Does 1502 divide 7984632?
True
Is 92735627 a multiple of 21?
False
Does 123 divide 9025002?
True
Does 62 divide 26022120?
False
Is 273 a factor of 1715183476?
False
Does 995 divide 41405930?
True
Is 39 a factor of 247554708?
False
Is 12 a factor of 461586124?
False
Is 403 a factor of 351772794?
False
Does 126 divide 45065099?
False
Does 11 divide 1275284857?
True
Does 457 divide 1084375541?
True
Is 2330 a factor of 110501932?
False
Is 880287222 a multiple of 97?
True
Is 10597680 a multiple of 180?
True
Does 10 divide 177940687?
False
Is 73255969 a multiple of 103?
True
Is 4 a factor of 282169071?
False
Is 163 a factor of 32962261?
False
Does 13 divide 2036136214?
False
Does 15 divide 73634595?
True
Is 577 a factor of 58811302?
True
Is 81 a factor of 50084317?
False
Does 5280 divide 290499722?
False
Is 26 a factor of 32124664?
True
Does 13 divide 145815423?
True
Is 1361 a factor of 1952135?
False
Is 11 a factor of 1281481?
False
Is 198 a factor of 1099692?
True
Is 10 a factor of 71974806?
False
Is 11930186 a multiple of 51?
False
Is 47807890 a multiple of 26?
True
Is 2459378604 a multiple of 6?
True
Does 3688 divide 65875056?
True
Is 13 a factor of 3640488658?
False
Is 981 a factor of 14054787?
True
Is 108710328 a multiple of 23?
True
Is 257510615 a multiple of 10?
False
Is 11 a factor of 45946162?
False
Is 78798392 a multiple of 164?
True
Is 257944990 a multiple of 122?
False
Is 12 a factor of 343725984?
True
Is 155400857 a multiple of 10649?
True
Is 86836359 a multiple of 60?
False
Is 333 a factor of 2005247765?
False
Is 93483633 a multiple of 35?
False
Is 15 a factor of 4775850?
True
Is 25467691 a multiple of 280?
False
Does 19 divide 74015645?
False
Is 4044 a factor of 84893329?
False
Does 1140 divide 255650151?
False
Is 1016943466 a multiple of 13?
False
Is 116762472 a multiple of 8?
True
Is 27959175 a multiple of 225?
True
Does 148 divide 1605510216?
True
Is 53 a factor of 29534886?
True
Is 260892084 a multiple of 659?
False
Does 604 divide 13038548?
True
Does 28 divide 8203389?
False
Does 3512 divide 14385152?
True
Does 36 divide 1491422364?
True
Is 357 a factor of 6846147?
False
Is 115933 a multiple of 